 - 3*n = 111, 10*n + s = 2*f + 5*n. Suppose 242 = f*c - 58*c. What are the prime factors of c?
11
Let j(g) = -g**2 - 2*g - 2. Let b(d) = -d**2 - d + 22. Let z(o) = b(o) - 4*j(o). List the prime factors of z(8).
2, 139
Suppose -34*u + 9384 = -11*u. Let q = u + 266. What are the prime factors of q?
2, 337
Let m(x) = -20*x + 605. What are the prime factors of m(-33)?
5, 11, 23
Suppose 10*n - 5*a - 734955 = 0, -391700 = -4*n + 5*a - 97739. What are the prime factors of n?
67, 1097
Let i(s) = 654*s**3 + 10*s**2 + 14*s - 48. What are the prime factors of i(2)?
2, 13, 101
Suppose -329 = -2*k - 89. Suppose 33*w - k = 34*w. Let z = 47 - w. What are the prime factors of z?
167
Let j(r) = 25*r**2 - 6*r + 13. Let c be j(5). Suppose 2*v + z - 2*z - c = 0, z = 0. What are the prime factors of v?
2, 19
Suppose 4*n + 85680 = -26*c + 29*c, 3 = -n. What are the prime factors of c?
2, 11, 59
Let g(z) = z**2 - 7*z + 14. Let k be g(11). List the prime factors of (-1 - (-3 - 4))*k.
2, 3, 29
Let k(h) = 87*h**2 - 991*h + 20. List the prime factors of k(19).
2, 6299
Suppose -2*h + 2*i + 61 = 3*h, 4*i + 18 = 2*h. Suppose -6318 = -h*y - 1170. List the prime factors of y.
2, 3, 11
Let g(w) = 2*w**3 - 15*w**2 - 2*w + 6. Let j be g(8). Suppose 5*b = 5*t - 7*t + j, -62 = -2*t - b. List the prime factors of t.
2
Let g = 92451 + -49508. List the prime factors of g.
42943
Suppose -40 = 7*m + m. What are the prime factors of (-822)/(-3) - (-15)/m?
271
Let d be (-4)/26 + 8/52. Suppose d = 5*j - 0*n + 4*n + 8629, -3*j - 5172 = -3*n. List the prime factors of j/(-35) - (-6)/(-21).
7
List the prime factors of 2312035/99 + ((-49)/(-63))/7.
2, 11677
Suppose 23394 = -38*g + 540840. List the prime factors of g.
3, 17, 89
Suppose -4*f + 4*h - 18 = -54, 4*h = -12. What are the prime factors of ((-39)/f + 6)*(-3329 + 3)?
1663
Let k = 48 - 43. Suppose -k*f - 308 = -3*g - 1143, -2*g = -f + 160. Let d = f + 3. List the prime factors of d.
173
Let l be (700/(-3))/10*(-18)/4. Let r be 2700/l + 4/14. Suppose -25*p - 85 = -r*p. List the prime factors of p.
5, 17
Let h = 24 + -31. Let w(b) = -51*b - 47. Let d be w(h). Suppose -10*x + d + 1030 = 0. List the prime factors of x.
2, 67
Suppose 0 = -4*t + 4*r + 97075 + 2817, -t + 24943 = 5*r. What are the prime factors of t?
2, 3121
Let g(u) = -2225*u**3 + 8*u**2 - 44*u - 150. What are the prime factors of g(-3)?
3, 17, 131
Suppose 0 = -5*p + 6*k - k + 190, 4*k = -12. Let f(z) = z**3 - 34*z**2 - 32*z - 45. What are the prime factors of f(p)?
2, 3, 5
Let a(h) = 3 - 5*h**2 + 9*h - 19 + 0*h + 4*h**2. Let z be a(8). What are the prime factors of -10*(-3 + 28/z)?
5, 13
Let p(y) = -3*y**3 - 6*y**2 - 25*y + 14. List the prime factors of p(-6).
2, 149
Suppose -3*t + i + 3*i + 472 = 0, -3*i - 12 = 0. Let j = 9 - 81. Let s = j + t. What are the prime factors of s?
2, 5
Let a = 456 - 455. Let y(m) = 1759*m**3 + 5*m**2 - 5*m - 1. What are the prime factors of y(a)?
2, 3, 293
List the prime factors of (-44)/(-11) + (-9)/(45/10) + 18884.
2, 7, 19, 71
Suppose 14 = f - 3*f - 4*d, -2*d + 5 = 5*f. Let j(g) = 65*g + 1. List the prime factors of j(f).
2, 7
Let r be (-3394)/((1 + -3)*(0 + -1)). Let n = r - -2418. List the prime factors of n.
7, 103
Let l(j) = 636*j**2 + 743*j**2 - 229 + 230. Let q be l(1). Suppose 0 = -4*g - 16*g + q. What are the prime factors of g?
3, 23
Suppose 4*a = 3*r + 308, 0*a - 5*r + 54 = a. Let y = -75 + a. What are the prime factors of ((-8)/(-6) - 2)*-237 + y?
157
Let i(b) = -5*b - 4. Let t be i(-7). Suppose 7*z - 5 = -2*q + 2*z, -q - 14 = -3*z. Let m = t - q. What are the prime factors of m?
2, 3
Suppose 152 = -4*o + 3040. Let w = o + -347. List the prime factors of w.
3, 5
Let s(k) = -11*k**3 - k**2 - 141*k + 27. List the prime factors of s(-15).
2, 3, 241
Let t(s) be the second derivative of -2*s**5/5 + 2*s**3/3 - 3*s**2/2 - 179*s. List the prime factors of t(-3).
3, 67
Let d(z) = 5*z**3 + 21*z**2 - 19*z - 18. Let r(b) = -4*b**3 - 21*b**2 + 18*b + 19. Let s(w) = 3*d(w) + 4*r(w). What are the prime factors of s(-23)?
3, 5, 7
Suppose 106*y - 104*y = 17198. What are the prime factors of y?
8599
Suppose -94*c + 35752 + 644996 = 0. List the prime factors of c.
2, 3, 17, 71
Let p be (871/65 + -13)/(1/(-5)). Suppose -4*f - 3 = 5. List the prime factors of 2/4 - (p - (-263)/f).
2, 67
Let o(c) = -c**3 - 4*c**2 + 6*c + 10. Let v be o(-5). Let j be -2 + (12 + -2)/v. Suppose -5*t + 29 + 496 = j. What are the prime factors of t?
3, 5, 7
Let x = -171 - -177. List the prime factors of (-1398)/x*-1 + -5.
2, 3, 19
List the prime factors of 6*(4 - (-46007)/26).
3, 3547
Suppose 211 = f + 71. Suppose -f*h - 105 = -141*h. List the prime factors of h.
3, 5, 7
Suppose 19*b = 5*b - 126. Let q(d) = 2*d**2 + 6*d + 20. Let a be q(b). Suppose -a = -6*r + 772. List the prime factors of r.
2, 3, 5
What are the prime factors of (-38283)/(-7) + 0/(-19)?
3, 1823
Suppose 155 + 178 = -3*y - 3*l, -2*y + 10*l = 210. Suppose 4*t = 2*t + 396. Let d = y + t. List the prime factors of d.
2, 11
What are the prime factors of ((-144)/(-216))/((-4)/59958*-1)?
3, 3331
Let b = 2367 - 1152. What are the prime factors of b?
3, 5
Let a(s) = -3*s + 17. Suppose 4*k - 5*p = 21, -k = 7*p - 3*p. Let g be a(k). Suppose 4*q = g*q - 30. List the prime factors of q.
2, 3, 5
Suppose -3*y + 20 = 2*g, -3*g + 5 = y + 10. Let i be (345/y)/((-3)/(-4)). Suppose -b + i + 111 = -4*u, u - 523 = -3*b. List the prime factors of b.
173
Let m(n) = -n**3 - 4*n**2 + 26*n + 98. Let b be m(-5). Let i(k) = 27*k**2 - 9*k - 11. What are the prime factors of i(b)?
5, 11
Let p(z) = z**3 + 2*z**2 - 10*z + 7. Let n be p(4). Suppose -n*m = -66*m + 1131. List the prime factors of m.
13, 29
Let u(d) = -d**3 + 60*d**2 - 56*d + 25. What are the prime factors of u(57)?
2, 5, 7, 47
Suppose 2*c - 3*l - 13282 = -3571, -3*c = -2*l - 14574. List the prime factors of c.
2, 3, 5
Let y(i) = 829*i + 64. Let r be y(-5). List the prime factors of -7 + r/(-14) - 1/(-2).
3, 5, 19
Let t(r) = 9*r**3 - 13*r**2 + 11*r + 67. List the prime factors of t(7).
2, 1297
Let q = -23 + 26. Suppose -5*l = q*f - 376 - 287, 4*l - 221 = -f. What are the prime factors of f?
13, 17
Suppose 5 - 13 = 4*r. Let t be r*(-1 - (15/(-6) - -3)). Suppose -t*b + 5*y = -10, -4*b + 10 = -5*y - 5. List the prime factors of b.
5
List the prime factors of 3 + (-34)/8 - (-49085712)/832.
2, 7, 43
Let o be -167*(0 - (-4)/(4/1)). Let n = o - -185. What are the prime factors of n?
2, 3
Suppose -8047 = -2*m - 78*u + 75*u, -4*m + 16097 = 5*u. Let f = m - 2409. List the prime factors of f.
1619
Suppose -5*v + 2*v = -2*u + 13697, -3*v = 5*u - 34253. What are the prime factors of u?
2, 5, 137
Let m = -545 + 542. What are the prime factors of 208/(-39)*(-180 + m)?
2, 61
Let m be (9 - 6) + (-4 - (-2)/2). Suppose -4*l - 5 = u, m = -5*l + u - 3 - 1. List the prime factors of 1/((-2)/(-38)) - l.
2, 5
Let c = -226 + 231. Suppose 2*b - 1714 = 4*w, c*w - 1255 = -2*b + 504. What are the prime factors of b?
3, 17
Let g(s) = -4*s**3 + s**2 + 2*s - 4. Let z be g(3). Let u(r) = 10*r**3 + 2*r**2 - r - 1. Let b be u(-2). Let t = b - z. What are the prime factors of t?
2, 13
Suppose -6*k - w + 82284 = 0, -5*k = -25*w + 20*w - 68570. List the prime factors of k.
2, 6857
Suppose -1431 = -2*u + 5*a, 2*u - 738 = u - 5*a. Suppose 5*g + s - u = -114, -2*s = -4*g + 490. Let h = 246 - g. What are the prime factors of h?
2, 31
Let j(a) = -14*a**2 + 4*a + 3. Let m be j(-1). Let n(r) = r**3 + 15*r**2 - 30*r - 5. List the prime factors of n(m).
5, 89
Let m be -3 + (2 - (-4)/2). Suppose 0 = 2*i + m + 7, 5*h = -4*i + 884. List the prime factors of h.
2, 3, 5
Let x = 45 + -41. List the prime factors of (-2832)/(-14) - x/14.
2, 101
Let w = 3 - -28. Suppose -u + 26 = -w. Let i = 184 - u. List the prime factors of i.
127
Suppose 4*k - 2*v - 11 + 115 = 0, 0 = -2*k - 3*v - 68. Let c(b) = b**3 + 19*b**2 - b - 18. Let d be c(-19). List the prime factors of (10 + k/4)*(d + 66).
3, 67
Suppose 5164 = b + 3*a, -4*b = a - 10341 - 10249. What are the prime factors of b?
2, 31, 83
List the prime factors of 10/(-45)*1 - (-142796)/9.
2, 7933
Let h be (-21)/(-5) + (-1)/5. Suppose -8*m - 668 = -6*m + 3*r, 0 = -4*m - r - 1356. List the prime factors of h/18 - m/9 - 1.
37
Suppose 2980604 = 198*t + 2684. List the prime factors of t